 when 11 is divided by j(0).
4
Suppose -3*g + 6 + 24 = 0. What is the remainder when 87 is divided by g?
7
Let c = -91 + 116. What is the remainder when c is divided by 7?
4
Suppose 3*x - 10 = 2*x. Calculate the remainder when x is divided by 6.
4
Let s(k) be the first derivative of -3 + 3/2*k**2 + 2*k. Calculate the remainder when 50 is divided by s(5).
16
Let l be (7/14)/(2/16). Suppose l*f + b = -0*b + 108, -108 = -4*f + b. Calculate the remainder when f is divided by 7.
6
Suppose 0*m + 20 = 5*m. Let c(d) = -9*d - 4. Let v(g) = -27*g - 12. Let b(t) = m*v(t) - 11*c(t). What is the remainder when b(-5) is divided by 14?
13
Suppose 0 = m + 3*g - 39, -4*m - 2*g = -g - 156. Suppose -4*c + 24 = -4*a - 64, 50 = 3*c + 5*a. What is the remainder when m is divided by c?
19
Let w(u) = -u**3 + 4*u**2 + 7*u - 4. Let k(c) = 2*c**3 - 7*c**2 - 14*c + 9. Let a(d) = -2*k(d) - 5*w(d). What is the remainder when 7 is divided by a(7)?
1
Let a(n) = -n**3 - 2*n**2 + 5*n. Let r(g) = 2*g**2 - 8*g - 2. What is the remainder when r(6) is divided by a(-4)?
10
Let g(r) = -r - 4. Let n be g(-6). Let f(t) = -t + 0*t - 3 - n*t + 9*t. Calculate the remainder when f(2) is divided by 5.
4
Let a = -126 - -242. Suppose 3*c - 135 = 4*n, -3*c + 5*n + 19 + a = 0. What is the remainder when c is divided by 23?
22
Let p be 13/2 - (-2)/(-4). Suppose -u = -4*v - 7 - p, -4*u = v - 35. What is the remainder when (1*4*-4)/(-1) is divided by u?
7
Let x = 49 - 25. Let z = 0 - 0. Suppose 0 = h - 13 - z. Calculate the remainder when x is divided by h.
11
Suppose 2*f - 535 = -2*f + 5*o, 0 = -3*f + o + 393. Calculate the remainder when f is divided by 33.
31
Let i(u) be the first derivative of -2*u**2 - 4*u - 1. Suppose 4*j = -j + n - 24, -4*n = -16. Calculate the remainder when 22 is divided by i(j).
10
Calculate the remainder when 14 is divided by ((-132)/110)/(6/(-40)).
6
Let l be (-216)/(-22) + 6/33. Suppose -31 + l = -3*x. What is the remainder when 18 is divided by x?
4
Suppose -3 = -3*o - 5*j, 0 = 5*o - 5*j - 9 - 36. Let x = 8 + -6. What is the remainder when o is divided by x?
0
What is the remainder when 29 is divided by 15 + (1 - (5 - 7))?
11
Let s be 2/2 - -160*1. Suppose -4*m + m + s = 5*v, 5*m + 5*v - 275 = 0. What is the remainder when m is divided by 20?
17
Suppose 3*u + 13 = 5*u - 5*m, 2*m = 5*u - 64. What is the remainder when 83 is divided by u?
13
Let v(r) = r**2 + 3*r + 6. Let z be v(-5). Let q = 29 - z. Suppose 4*k - 131 = -3*i, -i - 3*k + 233 = 4*i. What is the remainder when i is divided by q?
10
Let q(y) = 31*y**2. Let i be q(1). Let r = i + -20. What is the remainder when r is divided by 3?
2
Let x = 16 - -35. What is the remainder when x is divided by 9?
6
Let r(n) = -7*n**3 - 21*n**2 - 15*n + 1. Let y(j) = 4*j**3 + 11*j**2 + 8*j. Let p(v) = -3*r(v) - 5*y(v). Calculate the remainder when 21 is divided by p(-7).
10
What is the remainder when 2/2*(-3 - -50) is divided by 24?
23
Suppose -d + 2*z = 9, -2*d + z - 27 = -0*d. Let t = d + 62. Suppose 0 = -4*j + 25 + t. Calculate the remainder when 52 is divided by j.
16
Let v(z) = -z**3 - 6*z**2 - 4*z - 6. Let d be (-6)/4*(-4)/3. Suppose -24 = 2*s + d*s. Calculate the remainder when 53 is divided by v(s).
17
Suppose -5 = -3*o - 2*b, 0 = 4*o - 0*b + 5*b + 5. Calculate the remainder when 8 is divided by o.
3
Let v = -10 + 14. Let k(n) = -n**3 + 4*n**2 - 2*n + 3. Calculate the remainder when k(3) is divided by v.
2
Let f be (-6)/3 + (-4)/(-2). Suppose -2*g - 2*v + 32 = 0, f = 3*g + v - 15 - 29. Suppose -2*w + w = -27. What is the remainder when w is divided by g?
13
Let w be 6/(-15) - 37/(-5). Suppose 0 = 6*k - 2*k - 8. Calculate the remainder when 35 is divided by -3 + 6/k*w.
17
Let x = -65 + 69. Let v(j) = 3*j. Let y be ((-1)/(-2))/(1/2). What is the remainder when x is divided by v(y)?
1
Suppose 0 = -0*m + m. Suppose 2*a = 3*a + 3*o - 38, -5*a - o + 204 = m. What is the remainder when a is divided by 14?
13
Let y(l) = l**2 - 3*l - 4. Let j = -244 + 259. Calculate the remainder when j is divided by y(5).
3
Suppose 42 = 2*m + 6. Calculate the remainder when 85 is divided by (6/m)/(2/132).
19
Suppose 0 = -3*m + 7 - 1. Calculate the remainder when 30 is divided by m + 1 - (-11 - 2).
14
Suppose -6*h - 16 = -8*h. What is the remainder when 30 is divided by h?
6
Suppose 5*x - 6 = 19. Suppose 0 = -x*y - 5 - 65. Let u = 43 + y. Calculate the remainder when u is divided by 15.
14
Let p be 95/20 + (-1)/(-4). Suppose 15 = -p*u + 5*a - 15, 8 = 4*a. Calculate the remainder when (-80)/u - (0 + -2) is divided by 8.
6
Let z be 0/(4/(-6)*3). Suppose 4*w - 2*t - 400 = z, -2*t - 3*t = 10. What is the remainder when w is divided by 25?
24
Let k(d) = d**3 + 3*d**2 + d - 1. Suppose -3*b + 0*r - 18 = 4*r, 4*r + 12 = 0. What is the remainder when k(b) is divided by 1?
0
What is the remainder when 25 is divided by (-1)/(4 + 53/(-13))?
12
Suppose 4*j - 5*a - 191 = 0, 2*j - 3*a - 46 = j. What is the remainder when j is divided by 26?
23
Suppose 0 = 4*q - 6*q + 48. Calculate the remainder when 70 is divided by q.
22
Suppose -v + 203 = 3*n, 3*v - 16 = 7*v. Calculate the remainder when n is divided by 9.
6
Suppose -2*j + 9 = -11. What is the remainder when 1/(-1)*-1*28 is divided by j?
8
Let f = 40 - -47. What is the remainder when f is divided by 10?
7
Suppose 5*c - 7 - 198 = 0. Calculate the remainder when c is divided by 12.
5
Calculate the remainder when 38 is divided by 3/(81/(-30) + 3).
8
Let x = -5 + 5. Suppose 3*q - 18 = -x*q. Calculate the remainder when q is divided by 3.
0
Let k(c) = c + 46. What is the remainder when k(22) is divided by 18?
14
Let q(w) be the second derivative of 11*w**4/12 + w**3/3 - w**2 + w. Suppose 8 = 2*x + a - 1, 2*a - 10 = 0. Calculate the remainder when q(x) is divided by 12.
10
Let p = -7 - -10. Suppose -1 + 4 = p*n. Calculate the remainder when 2 is divided by n.
0
Let y(l) = l + 6. Let q be y(-4). Suppose -3*g - 49 = -q*h, -3*h + 3*g + 73 = -2*g. Calculate the remainder when h is divided by 14.
12
Suppose 8 = -7*l + 99. What is the remainder when 34 is divided by l?
8
Suppose 0*v - v + 38 = 0. Calculate the remainder when v is divided by 10.
8
Suppose y + 4*b - 96 = 0, -5*b + 8 = -b. What is the remainder when y is divided by 13?
10
Suppose 3*i - 21 = 12. Suppose 4*z - i - 2 = -5*a, 20 = 2*z - 2*a. What is the remainder when 12 is divided by z?
5
Let s = 4 - -83. Calculate the remainder when s is divided by 18.
15
Let r(l) = -l**3 - 7*l**2 - l. Let s be 6/18*(-9)/(-1). Suppose 0 = s*p - 4*p + d + 25, 25 = -5*d. What is the remainder when p is divided by r(-7)?
6
Suppose -160 = -2*s - 3*v, 3*s - 5*v = -s + 320. Let n be 1 - (-2 + 4 + -151). What is the remainder when s is divided by -4 + 1 + n/5?
26
Let q(w) = 22*w**2 + 2*w - 1. Let r = -1 - -2. Suppose 3*d = -2*i - 2*i + 32, -4*i - 24 = -4*d. What is the remainder when q(r) is divided by d?
7
Suppose 0 = -l - l - 4. Let p be l + (-5 - -3) + 6. What is the remainder when (-2)/((-3)/(9/p)) is divided by 2?
1
Suppose -3*q - 47 = -4*n, 0 = 2*n + q + 3*q - 18. What is the remainder when n is divided by 6?
5
Let g(y) = y**2 + 6*y + 4. What is the remainder when 32 is divided by g(-8)?
12
What is the remainder when 134 is divided by 135/(-10)*8/(-3)?
26
Let k(f) = f + 10. Suppose -185 = -4*l - 37. Calculate the remainder when l is divided by k(0).
7
Let t(y) = -7*y + 3. Let z be t(3). Let q = 23 + z. Let r = 7 + -3. What is the remainder when q is divided by r?
1
Suppose w - 2*q = -5, w + 4 = 4*q - 7. Suppose 4*p = -2*f + 6*f + 36, 3*p - 17 = f. Let o = w + p. What is the remainder when 14 is divided by o?
4
Calculate the remainder when 90 is divided by (11 + -34)*(0 + -1).
21
Suppose -2*q + 0 = -8, -4*b + 5*q = -56. Let i = 113 - 58. What is the remainder when i is divided by b?
17
Let z be (1 - 1) + (-1 - -121). Suppose -2*n - 2*n = -z. What is the remainder when n is divided by 82/10 - (-1 + 12/10)?
6
Let b = -8 - -22. Calculate the remainder when 40 is divided by b.
12
Let l(c) = -12 + 36*c + 4 + 8. Calculate the remainder when l(1) is divided by 13.
10
Suppose -i + 2*i - 15 = 0. Let a be (48/5)/(i/100). Suppose -w = 3*w - a. What is the remainder when 30 is divided by w?
14
Let a(t) = t**2 + 7*t + 8. Let u be a(-6). Suppose -d = -u*b - 7 - 3, -70 = -4*d - 2*b. Ca